{"id":2,"date":"2025-07-14T17:22:26","date_gmt":"2025-07-14T15:22:26","guid":{"rendered":"http:\/\/moviebox.ch\/cms\/?page_id=2"},"modified":"2025-09-26T00:04:10","modified_gmt":"2025-09-25T22:04:10","slug":"beispiel-seite","status":"publish","type":"page","link":"https:\/\/moviebox.ch\/cms\/beispiel-seite\/","title":{"rendered":"Schweizer Filme seit 1896"},"content":{"rendered":"<h2>Ganz so schlimm ist er auch nicht<\/h2>\n<p>Schweizer Filme? <strong>&#171;Ganz so schlimm ist er auch nicht&#187;<\/strong> oder <strong>&#171;Pas si m\u00e9chant que \u00e7a&#187;<\/strong> lautet der Titels des Filmes von Claude Goreatta aus dem Jahre 1975. Treffender kann der Schweizer Film kaum umschrieben werden, auch wenn Goretta nat\u00fcrlich den Protagonisten (ja damals war Depardieu noch gut) und nicht den Schweizer Film gemeint haben d\u00fcrfte. Doch um den Schweizer Film geht es auf dieser Homepage. Oder vielmehr darum, wie ich meinem Hobby fr\u00f6ne, das da w\u00e4re, Filme digital zu sammeln.<\/p>\n<p><strong>Daher geht es auf diesem Blog nicht nur um Filme bzw. Schweizer Filme, sondern auch um das Warum, Wie, Wo, Was und Womit?<\/strong> Wobei, das zentrale Element bildet vorerst (wohl) mein Verzeichnis der Schweizer Filme, das ich auf dieser Homepage gerne \u00f6ffentlich zug\u00e4nglich mache.<\/p>\n<figure id=\"attachment_134\" aria-describedby=\"caption-attachment-134\" style=\"width: 1024px\" class=\"wp-caption alignnone\"><img loading=\"lazy\" decoding=\"async\" class=\"wp-image-134 size-large\" src=\"https:\/\/moviebox.ch\/cms\/wp-content\/uploads\/2025\/07\/Condor_Films_1982b-1024x685.jpg\" alt=\"\" width=\"1024\" height=\"685\" srcset=\"https:\/\/moviebox.ch\/cms\/wp-content\/uploads\/2025\/07\/Condor_Films_1982b-1024x685.jpg 1024w, https:\/\/moviebox.ch\/cms\/wp-content\/uploads\/2025\/07\/Condor_Films_1982b-300x201.jpg 300w, https:\/\/moviebox.ch\/cms\/wp-content\/uploads\/2025\/07\/Condor_Films_1982b-768x514.jpg 768w, https:\/\/moviebox.ch\/cms\/wp-content\/uploads\/2025\/07\/Condor_Films_1982b-1536x1027.jpg 1536w, https:\/\/moviebox.ch\/cms\/wp-content\/uploads\/2025\/07\/Condor_Films_1982b.jpg 1920w\" sizes=\"auto, (max-width: 1024px) 100vw, 1024px\" \/><figcaption id=\"caption-attachment-134\" class=\"wp-caption-text\"><a title=\"Category:Condor Films\" href=\"https:\/\/commons.wikimedia.org\/wiki\/Category:Condor_Films\">Condor Films<\/a>, <a title=\"Category:Television of Switzerland\" href=\"https:\/\/commons.wikimedia.org\/wiki\/Category:Television_of_Switzerland\">Television of Switzerland 1982<\/a><\/figcaption><\/figure>\n<p><strong>Wer nun die Filme selber erwartet, darf\/muss gerne wegklicken, denn diese Seite oder mein Hobby bewegt sich ausschliesslich im legalen Rahmen.<\/strong> Alle von mir gesammelten Filme werden on- wie offline (die gute alte DVD) aus \u00f6ffentlich zug\u00e4nglichen Quellen zusammengetragen. Ebenso habe ich nie (und werde dies auch in Zukunft nicht tun) an Tauschb\u00f6rsen mitgemacht, selbst wenn nach Schweizer Recht der Download nicht illegal ist, so basieren diese Tauschb\u00f6rsen doch darauf, das Filme (auch) hochgeladen werden. No way,<\/p>\n<p>Ich bin der tiefen \u00dcberzeugung, es geht gut und gerne auch ohne Tauschb\u00f6rsen. So k\u00f6nnen z.B. bei teleboy.ch (ich zahle ganz normal das Abo) pro Woche mehrere Hundert Filme bezogen werden und auch Bibliotheken und Videotheken bieten eine schier unersch\u00f6pfbare Vielzahl von Filmen.\u00a0<strong>Womit wir beim wie angelangt sind.<\/strong> Das Zusammentragen der Filme ist leider nicht ganz so trivial und ja, es ist auch 2025 so, ein zentrales Schweizer Filmarchiv gibt es bis heute nicht. Und darum habe ich vor einigen Jahren begonnen, Filme zu sammeln und sie auch zu inventarisieren. Und darum gibt es nun (nach einigen Jahren Arbeit) dieses doch recht umfangreiche Verzeichnis der Schweizer Filme.<\/p>\n<p>Wer schon immer mal wissen wollte, in welchen Filmen Mathias Gn\u00e4dinger mitspielte, wer wissen m\u00f6chte, welche Filme neben &#171;Die g\u00f6ttliche Ordnung&#187; Petra Biondina Volpe realisierte, der ist hier genau richtig, Einen <strong><a href=\"https:\/\/moviebox.ch\/cms\/?p=1\">ersten \u00dcberblick umfasst die Komplettliste (nach Jahren geordnet, \u00fcber 10&#8217;000 Ttiel),<\/a><\/strong> wer detaillierter suchen m\u00f6chte, kann dies \u00fcber die <strong><a href=\"https:\/\/moviebox.ch\/perl\/avclient\/index.pl?host=localhost&amp;db=archivista&amp;uid=chmovie&amp;pwd=moviech&amp;redirect=1\" target=\"_blank\" rel=\"noopener\">Online-Datenbank<\/a><\/strong> tun.<\/p>\n","protected":false},"excerpt":{"rendered":"<p>Ganz so schlimm ist er auch nicht Schweizer Filme? &#171;Ganz so schlimm ist er auch nicht&#187; oder &#171;Pas si m\u00e9chant [&hellip;]<\/p>\n","protected":false},"author":1,"featured_media":0,"parent":0,"menu_order":0,"comment_status":"closed","ping_status":"closed","template":"","meta":{"site-sidebar-layout":"default","site-content-layout":"","ast-site-content-layout":"default","site-content-style":"default","site-sidebar-style":"default","ast-global-header-display":"","ast-banner-title-visibility":"","ast-main-header-display":"","ast-hfb-above-header-display":"","ast-hfb-below-header-display":"","ast-hfb-mobile-header-display":"","site-post-title":"","ast-breadcrumbs-content":"","ast-featured-img":"","footer-sml-layout":"","theme-transparent-header-meta":"default","adv-header-id-meta":"","stick-header-meta":"","header-above-stick-meta":"","header-main-stick-meta":"","header-below-stick-meta":"","astra-migrate-meta-layouts":"set","ast-page-background-enabled":"default","ast-page-background-meta":{"desktop":{"background-color":"var(--ast-global-color-5)","background-image":"","background-repeat":"repeat","background-position":"center center","background-size":"auto","background-attachment":"scroll","background-type":"","background-media":"","overlay-type":"","overlay-color":"","overlay-opacity":"","overlay-gradient":""},"tablet":{"background-color":"","background-image":"","background-repeat":"repeat","background-position":"center center","background-size":"auto","background-attachment":"scroll","background-type":"","background-media":"","overlay-type":"","overlay-color":"","overlay-opacity":"","overlay-gradient":""},"mobile":{"background-color":"","background-image":"","background-repeat":"repeat","background-position":"center center","background-size":"auto","background-attachment":"scroll","background-type":"","background-media":"","overlay-type":"","overlay-color":"","overlay-opacity":"","overlay-gradient":""}},"ast-content-background-meta":{"desktop":{"background-color":"var(--ast-global-color-4)","background-image":"","background-repeat":"repeat","background-position":"center center","background-size":"auto","background-attachment":"scroll","background-type":"","background-media":"","overlay-type":"","overlay-color":"","overlay-opacity":"","overlay-gradient":""},"tablet":{"background-color":"var(--ast-global-color-4)","background-image":"","background-repeat":"repeat","background-position":"center center","background-size":"auto","background-attachment":"scroll","background-type":"","background-media":"","overlay-type":"","overlay-color":"","overlay-opacity":"","overlay-gradient":""},"mobile":{"background-color":"var(--ast-global-color-4)","background-image":"","background-repeat":"repeat","background-position":"center center","background-size":"auto","background-attachment":"scroll","background-type":"","background-media":"","overlay-type":"","overlay-color":"","overlay-opacity":"","overlay-gradient":""}},"footnotes":""},"class_list":["post-2","page","type-page","status-publish","hentry"],"aioseo_notices":[],"_links":{"self":[{"href":"https:\/\/moviebox.ch\/cms\/wp-json\/wp\/v2\/pages\/2","targetHints":{"allow":["GET"]}}],"collection":[{"href":"https:\/\/moviebox.ch\/cms\/wp-json\/wp\/v2\/pages"}],"about":[{"href":"https:\/\/moviebox.ch\/cms\/wp-json\/wp\/v2\/types\/page"}],"author":[{"embeddable":true,"href":"https:\/\/moviebox.ch\/cms\/wp-json\/wp\/v2\/users\/1"}],"replies":[{"embeddable":true,"href":"https:\/\/moviebox.ch\/cms\/wp-json\/wp\/v2\/comments?post=2"}],"version-history":[{"count":28,"href":"https:\/\/moviebox.ch\/cms\/wp-json\/wp\/v2\/pages\/2\/revisions"}],"predecessor-version":[{"id":389,"href":"https:\/\/moviebox.ch\/cms\/wp-json\/wp\/v2\/pages\/2\/revisions\/389"}],"wp:attachment":[{"href":"https:\/\/moviebox.ch\/cms\/wp-json\/wp\/v2\/media?parent=2"}],"curies":[{"name":"wp","href":"https:\/\/api.w.org\/{rel}","templated":true}]}}